3 + 1. Let m be w*1 + (-3 - -1). Suppose m*y + 5*x = 56, 4*y + 3*x - 88 = -x. What is the greatest common divisor of y and 162?
18
Let k be (20/(-35))/2*-21. Calculate the highest common divisor of k and 42.
6
Suppose 4 = 3*y - 5*x + 2, -2*x - 4 = -2*y. Calculate the greatest common divisor of 32 and y.
4
Let t(v) = -2*v - 12. Let u be t(-7). Suppose -p - 2*z + 76 = 0, 0 = -u*z - 4. Calculate the highest common divisor of p and 20.
20
Let z be 1 - -1 - (-2 + (-1)/1). Suppose -12 = 3*b - 4*b + 2*r, -3*r = 2*b - 17. What is the highest common divisor of z and b?
5
Let u = -5 + 6. What is the highest common divisor of u and 2?
1
Let d be (2 - -2)/(2/4). Suppose 0 = -2*a + 174 + d. Let r(w) = -w**3 - w + 13. Let p be r(0). Calculate the greatest common divisor of p and a.
13
Let k be 0/(-3) + 2 + 1. Let c be (-1)/2*(5 - k). Let z be 1 - (2*-4 - c). Calculate the highest common factor of 64 and z.
8
Let t = -20 + 40. What is the highest common factor of 50 and t?
10
Let x be 2*(-3)/(-8) + (-10150)/(-56). Calculate the greatest common divisor of x and 26.
26
Suppose p + 39 = 4*p. What is the highest common divisor of p and 13?
13
Let g = -6 + 26. Let i(k) = 3*k**2 + 84*k - 57. Let n be i(-29). Calculate the greatest common factor of n and g.
10
Suppose 3*v - 2*v = -3*f + 40, f - 25 = 2*v. Calculate the highest common divisor of 120 and f.
15
Let w be ((-6)/(-4) - 0) + 5/(-10). Calculate the highest common divisor of 1 and w.
1
Let z = 95 - -38. What is the highest common divisor of z and 19?
19
Let u = 36 - 68. Let b be (-2)/8 - 1256/u. Calculate the highest common divisor of 13 and b.
13
Let d be (-10)/45 - (-122)/(-18). Let p be (-47)/(-3) + d/(-21). Suppose 0 = 7*a - 3*a - p, 4*z - 112 = -a. Calculate the greatest common factor of 9 and z.
9
Suppose -3*b + f = -12, 2*f = 3*b + 6*f - 12. Suppose b*l + 207 = 5*l. Calculate the greatest common divisor of l and 23.
23
Let m = 26 - 44. Let o = -1 - m. What is the highest common divisor of o and 17?
17
Let y be 2/(-11) - 86/11. Let l be 6/(-4) + (-332)/y. Calculate the greatest common divisor of l and 5.
5
Let d = 13 + -8. Let t be (4/d)/((-1)/(-10)). Let a = 233 - 145. What is the greatest common divisor of a and t?
8
Let m(z) = 2*z + 1. Let n be m(-2). Let s be (-30)/(-4) + 1/(-2). Let v = s + n. Calculate the greatest common divisor of 16 and v.
4
Let w(c) = c**3 - 5*c**2 + 3*c. Let y be w(5). Suppose 2*r - 11 = y. What is the greatest common factor of 65 and r?
13
Suppose 0 = 5*j - 5*b - 300, 7*b + 300 = 5*j + 4*b. Calculate the highest common factor of 20 and j.
20
Suppose -5*z = -0*z - 125. Calculate the greatest common factor of z and 125.
25
Let j be 0 - (-3 - -3) - 100/(-5). Suppose 0 = -2*m + 7*m - 20. What is the greatest common divisor of m and j?
4
Let r(m) = -m - 3. Let b be r(-6). Suppose -11*g - 1 + 100 = 0. What is the highest common divisor of b and g?
3
Let j(q) = 2*q**3 - 5*q**2 - 12*q + 12. Let b be j(5). What is the highest common divisor of 11 and b?
11
Suppose -5*v - 5*m = -295, v + 3*m + 0*m = 69. Suppose 265 = 2*y + 5*s, 5*y + 5*s = 431 + 239. Calculate the highest common factor of v and y.
27
Let j be 3*((-10)/(-6) + -1). Suppose -3*y - j = -8. Let k be (1/2)/(y/484). Calculate the greatest common factor of k and 11.
11
Let o be ((-120)/(28/(-7)))/((-2)/(-3)). Calculate the greatest common factor of o and 405.
45
Let c = 14 - -38. Calculate the greatest common divisor of c and 13.
13
Suppose 0 = -3*l + 4 + 11. What is the greatest common divisor of 40 and l?
5
Let l = 18 - -7. What is the greatest common factor of 225 and l?
25
Suppose -v + 17 = 3*p - 2, -4*v + 5*p = -42. Suppose 0 = -k + 3*a + 26, -86 + 14 = -4*k + 4*a. Let w = -1 + k. Calculate the highest common factor of w and v.
13
Let j be ((-4)/(-2))/((-4)/2). Let x be (1/j)/(1/(-7)). Suppose 45 = 4*t - x. What is the highest common factor of t and 91?
13
Suppose -2*c - 2*z - 16 = 0, 3*c - 3*z = 15 - 45. Let d = c - -11. What is the greatest common divisor of 18 and d?
2
Let f = -3 + 4. Let a be f - (0 + -4 + 1). Let x = -2 + 6. Calculate the highest common divisor of x and a.
4
Let g = -2 + 2. Suppose -17 = 4*j + 4*y + 23, -5*y - 25 = g. Let q be 16/10*j/(-2). What is the highest common factor of 1 and q?
1
Suppose 7*c - j = 9*c - 2, -5*c + 3*j + 16 = 0. Calculate the highest common factor of c and 16.
2
Let p be 27 + -1*(6 + -3). Suppose 0 = -5*r - p + 94. Calculate the greatest common factor of 28 and r.
14
Let r(b) be the third derivative of b**4/2 + 3*b**2. Let c be r(1). Suppose -c = -3*d + 27. What is the highest common factor of 117 and d?
13
Suppose 12 = p - 3*q, p - 3*p + 2 = 5*q. Suppose -j + 5*c - 13 + p = 0, 0 = 3*j + 2*c + 21. Let r be -7*6*1/j. Calculate the highest common divisor of 2 and r.
2
Suppose 0 = m + 3*l + 11, 9 = -l - 2*l. Let c be (-2)/(-3)*(-3)/m. Calculate the highest common divisor of 5 and c.
1
Suppose 0 = -2*w + 4*w - 20. Let a be (10/4)/((-2)/(-4)). Suppose -g + 7 = 3*c, a*g = 2*c + 19 + 33. Calculate the greatest common factor of w and g.
10
Let h(v) = -13*v + 1. Let q(k) = 13*k - 1. Let t(w) = -3*h(w) - 4*q(w). Let s be t(-1). Calculate the greatest common factor of 21 and s.
7
Suppose t - 1 = 0, 4*f - t = -0*t + 959. Calculate the highest common divisor of f and 20.
20
Let w = 1 + -2. Let p be (-4)/w + 1 + -1. Suppose -3*y + 4*u = -0*y - 25, -3*u = -p*y + 38. Calculate the greatest common divisor of 44 and y.
11
Suppose -2*h = -8 + 4. Suppose h*y = 4*y - 4. Suppose -35 = -3*k + 4*t - y*t, -4*t + 29 = 5*k. What is the greatest common factor of 72 and k?
9
Suppose 0 = 4*l - 5*n - 35, -2*l - n + 15 = -4*n. Let s = -4 - -6. Suppose 0 = -s*w + 10. What is the highest common factor of w and l?
5
Let q be (-4)/10*(-160)/8. Calculate the greatest common divisor of 12 and q.
4
Let q = 4 - -59. Suppose 2*t - 44 = t. Suppose 2*s + 4*w - t = -2*s, 3*w + 3 = s. What is the highest common factor of s and q?
9
Let s = 35 - 24. Calculate the greatest common factor of s and 121.
11
Let l = 17 + -47. Let f be (l/8)/((-3)/8). Let p = -136 + 216. Calculate the highest common divisor of p and f.
10
Let x be (-8)/(-40) + 4412/(-10). Let d be 2*(-2 - x/6). Calculate the highest common divisor of d and 13.
13
Let b(o) = -o**2 - 10*o - 7. Let y be b(-7). Calculate the greatest common factor of y and 112.
14
Let o = 43 - 25. Let c be 12*2*(-12)/(-4). Calculate the greatest common divisor of o and c.
18
Let u = 108 + -31. Suppose 3*y = -2 + u. Let c be (20/6)/(8/60). Calculate the highest common divisor of c and y.
25
Suppose -n + 3*p + 21 = 0, p - 3*p = -10. What is the greatest common divisor of n and 9?
9
Let i(x) = 3*x**2 + 2*x + 3. Let q(u) = -u**3 + 6*u**2 + 5. Let h be q(6). Let c = 3 - h. Let l be i(c). What is the greatest common factor of 88 and l?
11
Let i be 15 - (0 - -6)/2. Calculate the highest common factor of i and 12.
12
Let m = 183 - -27. Suppose 7*u - m = 4*u. What is the highest common divisor of 14 and u?
14
Suppose 3*k - 4*c = 19, -2*k + 5*c + 15 = -0. Suppose -2*x + k + 73 = 0. Suppose 2*o = -d + x, 3*o + o = 5*d + 85. What is the highest common factor of 4 and o?
4
Let n = 592 - 240. What is the highest common factor of 32 and n?
32
Let b be 26/((-1)/(-1 - 1)). Suppose 91 = 3*v + 4*v. Calculate the highest common factor of b and v.
13
Suppose 3*n + 4*n - 217 = 0. Calculate the greatest common factor of n and 31.
31
Let y be 29*((-3)/3 - 1). Let n = y - -120. Suppose 13 = 5*w - n. Calculate the highest common divisor of w and 75.
15
Let z(o) = -2*o - 3. Let r be z(-5). Let l be 6/2 - (5 + 1). Let w be (-475)/(-35) - l/7. What is the highest common divisor of w and r?
7
Let m be 16 - (0 - (-4)/2). Let x(i) = 13*i**2 - 3*i - 2. Let g be x(-1). What is the greatest common divisor of g and m?
14
Let v be 25/20 + (-6)/(-8). Suppose 3*c + 2*h - v = 5, 4*h = -c - 11. What is the greatest common divisor of c and 5?
5
Let u(q) = q + 4. Let b be u(-6). Let c be (73 - -1) + (b - 0). Suppose -n + 4*h = -34, -34 = -4*n - 4*h + 22. What is the greatest common divisor of n and c?
18
Let k(r) = r**3 + 6*r**2 - 5*r - 11. Let o be k(-5). Calculate the greatest common factor of 13 and o.
13
Let d be (8/6)/(2/3). Calculate the greatest common divisor of d and 10.
2
Let w = -26 + 43. What is the highest